{"id":116,"date":"2021-01-27T10:11:14","date_gmt":"2021-01-27T09:11:14","guid":{"rendered":"http:\/\/pipoinsilj.cluster020.hosting.ovh.net\/ordinaireextra\/?page_id=116"},"modified":"2025-06-22T06:52:57","modified_gmt":"2025-06-22T04:52:57","slug":"la-compagnie","status":"publish","type":"page","link":"https:\/\/www.ordinaireextra.fr\/index.php\/la-compagnie\/","title":{"rendered":"La compagnie"},"content":{"rendered":"<section class=\"wpb-content-wrapper\"><p>[vc_row tlg_white_color=\u00a0\u00bbcolor-white\u00a0\u00bb tlg_parallax=\u00a0\u00bbnot-parallax\u00a0\u00bb tlg_text_align=\u00a0\u00bbtext-center\u00a0\u00bb css=\u00a0\u00bb.vc_custom_1620054161088{background-image: url(https:\/\/www.ordinaireextra.fr\/wp-content\/uploads\/2021\/02\/IMG_4397-16-9-e1613291074391.jpg?id=214) !important;}\u00a0\u00bb][vc_column width=\u00a0\u00bb1\/4&Prime;][\/vc_column][vc_column width=\u00a0\u00bb1\/2&Prime;]<div class=\"tlg-spacer\" data-height=\"100\" data-height-tablet=\"100\" data-height-mobile=\"100\" style=\"clear:both;display:block;height:100px;\"><\/div>[vc_column_text]<\/p>\n<blockquote class=\"blockquote\" style=\"font-site: 43px;\"><p><strong>Quand l\u2019ordinaire devient extra<\/strong><\/p><\/blockquote>\n<p>[\/vc_column_text]<div class=\"tlg-spacer\" data-height=\"100\" data-height-tablet=\"100\" data-height-mobile=\"100\" style=\"clear:both;display:block;height:100px;\"><\/div>[\/vc_column][vc_column width=\u00a0\u00bb1\/4&Prime;][\/vc_column][\/vc_row][vc_row css=\u00a0\u00bb.vc_custom_1620050762841{background-color: rgba(0,0,0,0.01) !important;background-position: center !important;background-repeat: no-repeat !important;background-size: cover !important;*background-color: rgb(0,0,0) !important;}\u00a0\u00bb][vc_column width=\u00a0\u00bb1\/6&Prime;][\/vc_column][vc_column width=\u00a0\u00bb2\/3&Prime;]<div id=\"iconbox-6a04543adb076\" class=\"\"><div class=\"icon-link\"><div class=\"relative mb0 text-center\">\n\t\t\t\t\t\t\t<i  class=\"   inline-block mb16 ms-text icon-lg\"><\/i>\n\t\t\t\t\t\t\t<h5  class=\"widgettitle mb8\">La compagnie Ordinaire Extra<\/h5>\n\t\t\t\t\t\t\t<div  class=\"widgetsubtitle mb16\"><\/div>\n\t\t\t\t\t\t\t<div  class=\"icon-content\"><\/div> \n\t\t\t\t\t\t<\/div><\/div><\/div>[vc_column_text]<\/p>\n<p data-start=\"413\" data-end=\"656\">La compagnie <strong data-start=\"426\" data-end=\"445\">Ordinaire Extra<\/strong>, dirig\u00e9e par <strong data-start=\"459\" data-end=\"478\">Giovanna Merlin<\/strong>, est n\u00e9e en 2017 \u00e0 Toulouse, port\u00e9e par le d\u00e9sir de faire \u00e9merger un <strong data-start=\"548\" data-end=\"578\">th\u00e9\u00e2tre pluridisciplinaire<\/strong> m\u00ealant <strong data-start=\"586\" data-end=\"655\">clown, cirque, th\u00e9\u00e2tre physique, th\u00e9\u00e2tre d\u2019objets et arts visuels<\/strong>.<\/p>\n<p data-start=\"658\" data-end=\"1003\">Inspir\u00e9s par nos ressentis, nos r\u00e9flexions et nos rencontres, nous apprivoisons <strong data-start=\"738\" data-end=\"760\">l\u2019hypersensibilit\u00e9<\/strong> pour cr\u00e9er des projets qui explorent <strong data-start=\"798\" data-end=\"824\">la construction de soi<\/strong>, aussi bien dans l\u2019espace intime que dans la sph\u00e8re sociale.<br data-start=\"885\" data-end=\"888\" \/>Nous croyons que l\u2019art peut aider \u00e0 <strong data-start=\"924\" data-end=\"954\">habiter le monde autrement<\/strong>, en permettant \u00e0 chacun d\u2019exprimer ce qu\u2019il est.<\/p>\n<p data-start=\"1005\" data-end=\"1340\">Le <strong data-start=\"1008\" data-end=\"1075\">clown, le cirque, le th\u00e9\u00e2tre, la musique et les arts plastiques<\/strong> sont nos outils pour <strong data-start=\"1097\" data-end=\"1126\">raconter, r\u00eaver, chercher<\/strong>.<br data-start=\"1127\" data-end=\"1130\" \/>Nous construisons des <strong data-start=\"1152\" data-end=\"1173\">univers sensibles<\/strong> \u2014 parfois absurdes, parfois dr\u00f4les, toujours profond\u00e9ment humains \u2014 pour <strong data-start=\"1247\" data-end=\"1275\">partager des exp\u00e9riences<\/strong>, faire dialoguer les imaginaires, et <strong data-start=\"1313\" data-end=\"1339\">inviter \u00e0 la rencontre<\/strong>.<\/p>\n<blockquote data-start=\"1342\" data-end=\"1427\">\n<p data-start=\"1344\" data-end=\"1427\"><strong data-start=\"1344\" data-end=\"1427\">Vivre l\u2019ordinaire de fa\u00e7on extraordinaire : c\u2019est le fil rouge de la compagnie.<\/strong><\/p>\n<\/blockquote>\n<p data-start=\"1429\" data-end=\"1870\">Nous croyons que le quotidien peut se transformer \u2014 <strong data-start=\"1481\" data-end=\"1527\">devenir plus doux, plus vaste, plus vivant<\/strong> \u2014 si l\u2019on accepte de le regarder autrement.<br data-start=\"1571\" data-end=\"1574\" \/>Face \u00e0 un syst\u00e8me qui nous pousse \u00e0 <strong data-start=\"1610\" data-end=\"1653\">\u00e9touffer nos singularit\u00e9s \u00e9motionnelles<\/strong>, nous choisissons l\u2019art comme un <strong data-start=\"1687\" data-end=\"1717\">espace de r\u00e9sistance douce<\/strong>, de <strong data-start=\"1722\" data-end=\"1741\">prise de risque<\/strong>, de <strong data-start=\"1746\" data-end=\"1760\">lib\u00e9ration<\/strong>.<br data-start=\"1761\" data-end=\"1764\" \/>Un lieu o\u00f9 il est possible de <strong data-start=\"1794\" data-end=\"1869\">se dire, de cr\u00e9er, de se relier aux autres sans masque ni norme impos\u00e9e<\/strong>.<\/p>\n<p data-start=\"1872\" data-end=\"2361\">Notre d\u00e9marche artistique s\u2019inscrit aussi dans une <strong data-start=\"1923\" data-end=\"1956\">attention \u00e9cologique concr\u00e8te<\/strong>.<br data-start=\"1957\" data-end=\"1960\" \/>Nous utilisons autant que possible des <strong data-start=\"1999\" data-end=\"2052\">mat\u00e9riaux de r\u00e9cup\u00e9ration, recycl\u00e9s ou r\u00e9utilis\u00e9s<\/strong>, pour fabriquer d\u00e9cors, costumes et accessoires.<br data-start=\"2101\" data-end=\"2104\" \/>Nos cr\u00e9ations questionnent notre rapport \u00e0 la consommation, \u00e0 la mati\u00e8re, au vivant \u2014 et revendiquent une <strong data-start=\"2210\" data-end=\"2254\">\u00e9cologie joyeuse, artisanale et cr\u00e9ative<\/strong>.<br data-start=\"2255\" data-end=\"2258\" \/>Ce soin port\u00e9 \u00e0 l\u2019impact environnemental est pour nous <strong data-start=\"2313\" data-end=\"2360\">une extension naturelle du geste artistique<\/strong>.<\/p>\n<p data-start=\"2363\" data-end=\"2656\">L\u2019ordinaire devient extra aussi par notre engagement \u00e0 <strong data-start=\"2418\" data-end=\"2467\">rendre la culture accessible \u00e0 toutes et tous<\/strong>.<br data-start=\"2468\" data-end=\"2471\" \/>Depuis plus de 15 ans, nous proposons <strong data-start=\"2509\" data-end=\"2570\">ateliers, stages et spectacles \u00e0 prix libre ou solidaires<\/strong>, dans une logique de <strong data-start=\"2592\" data-end=\"2655\">confiance, d\u2019inclusion et de respect des r\u00e9alit\u00e9s de chacun<\/strong>.<\/p>\n<p data-start=\"2658\" data-end=\"2976\">Implant\u00e9e en <strong data-start=\"2671\" data-end=\"2691\">territoire rural<\/strong>, la compagnie puise son inspiration dans les <strong data-start=\"2737\" data-end=\"2764\">liens tiss\u00e9s localement<\/strong>, dans les visages crois\u00e9s au fil des projets.<br data-start=\"2810\" data-end=\"2813\" \/>Nous intervenons en <strong data-start=\"2833\" data-end=\"2920\">EHPAD, dans les \u00e9coles, les quartiers prioritaires, les centres culturels, les MJC\u2026<\/strong><br data-start=\"2920\" data-end=\"2923\" \/><strong data-start=\"2923\" data-end=\"2976\">Partout o\u00f9 l\u2019art peut encore ouvrir des fen\u00eatres.<\/strong><\/p>\n<p>[\/vc_column_text][\/vc_column][vc_column width=\u00a0\u00bb1\/6&Prime;][\/vc_column][\/vc_row][vc_row disable_element=\u00a0\u00bbyes\u00a0\u00bb][vc_column]<div id=\"iconbox-6a04543adb087\" class=\"\"><div class=\"icon-link\"><div class=\"relative mb0 text-center\">\n\t\t\t\t\t\t\t<i  class=\"ti-face-smile   inline-block mb16 ms-text icon-lg\"><\/i>\n\t\t\t\t\t\t\t<h5  class=\"widgettitle mb8\">L'\u00e9quipe<\/h5>\n\t\t\t\t\t\t\t<div  class=\"widgetsubtitle mb16\"><\/div>\n\t\t\t\t\t\t\t<div  class=\"icon-content\"><p>Ordinaire extra r\u00e9unit plusieurs artistes qui collaborent pour croiser les arts du cirque, clown, musique,conte, arts plastiques.<\/p>\n<\/div> \n\t\t\t\t\t\t<\/div><\/div><\/div><div id=\"team-6a04543adb833\"><div class=\" row\"><div class=\"col-md-4 col-sm-6 text-center mb24 org-col\">\r\n    <div class=\"image-box image-round outer-title image-circle-min\">\r\n        <img loading=\"lazy\" decoding=\"async\" width=\"1585\" height=\"1585\" src=\"https:\/\/www.ordinaireextra.fr\/wp-content\/uploads\/2021\/02\/francoislannes-carre.jpg\" class=\"attachment-full size-full wp-post-image\" alt=\"\" srcset=\"https:\/\/www.ordinaireextra.fr\/wp-content\/uploads\/2021\/02\/francoislannes-carre.jpg 1585w, https:\/\/www.ordinaireextra.fr\/wp-content\/uploads\/2021\/02\/francoislannes-carre-300x300.jpg 300w, https:\/\/www.ordinaireextra.fr\/wp-content\/uploads\/2021\/02\/francoislannes-carre-1024x1024.jpg 1024w, https:\/\/www.ordinaireextra.fr\/wp-content\/uploads\/2021\/02\/francoislannes-carre-150x150.jpg 150w, https:\/\/www.ordinaireextra.fr\/wp-content\/uploads\/2021\/02\/francoislannes-carre-768x768.jpg 768w, https:\/\/www.ordinaireextra.fr\/wp-content\/uploads\/2021\/02\/francoislannes-carre-1536x1536.jpg 1536w, https:\/\/www.ordinaireextra.fr\/wp-content\/uploads\/2021\/02\/francoislannes-carre-60x60.jpg 60w, https:\/\/www.ordinaireextra.fr\/wp-content\/uploads\/2021\/02\/francoislannes-carre-600x600.jpg 600w, https:\/\/www.ordinaireextra.fr\/wp-content\/uploads\/2021\/02\/francoislannes-carre-100x100.jpg 100w\" sizes=\"auto, (max-width: 1585px) 100vw, 1585px\" \/>    <\/div>\r\n    <div class=\"outer-title\">\r\n        <div class=\"title mb16 mt30\">\r\n            <h4 class=\"mb0\">\r\n            Fran\u00e7oise Lannes            <\/h4>\r\n                    <\/div>\r\n        <div class=\"content sms-text mb8\">apr\u00e8s des ann\u00e9es et des ann\u00e9es de cr\u00e9ativit\u00e9 avec les enfants ( elle \u00e9tait institutrice maternelle) C\u2019est maintanant de r\u00e9aliser son r\u00eave en cachette : cr\u00e9e pour un spectacle ! Son besoin vital de cr\u00e9er et de jouer avec les couleurs et la forme\u00a0 la porte \u00e0 collaborer pour le projet du livre pop up familial !<\/div>            <\/div>\r\n<\/div><div class=\"col-md-4 col-sm-6 text-center mb24 org-col\">\r\n    <div class=\"image-box image-round outer-title image-circle-min\">\r\n        <img loading=\"lazy\" decoding=\"async\" width=\"2560\" height=\"2560\" src=\"https:\/\/www.ordinaireextra.fr\/wp-content\/uploads\/2021\/02\/quentin-daniel-carre-1-scaled.jpg\" class=\"attachment-full size-full wp-post-image\" alt=\"\" srcset=\"https:\/\/www.ordinaireextra.fr\/wp-content\/uploads\/2021\/02\/quentin-daniel-carre-1-scaled.jpg 2560w, https:\/\/www.ordinaireextra.fr\/wp-content\/uploads\/2021\/02\/quentin-daniel-carre-1-300x300.jpg 300w, https:\/\/www.ordinaireextra.fr\/wp-content\/uploads\/2021\/02\/quentin-daniel-carre-1-1024x1024.jpg 1024w, https:\/\/www.ordinaireextra.fr\/wp-content\/uploads\/2021\/02\/quentin-daniel-carre-1-150x150.jpg 150w, https:\/\/www.ordinaireextra.fr\/wp-content\/uploads\/2021\/02\/quentin-daniel-carre-1-768x768.jpg 768w, https:\/\/www.ordinaireextra.fr\/wp-content\/uploads\/2021\/02\/quentin-daniel-carre-1-1536x1536.jpg 1536w, https:\/\/www.ordinaireextra.fr\/wp-content\/uploads\/2021\/02\/quentin-daniel-carre-1-2048x2048.jpg 2048w, https:\/\/www.ordinaireextra.fr\/wp-content\/uploads\/2021\/02\/quentin-daniel-carre-1-60x60.jpg 60w, https:\/\/www.ordinaireextra.fr\/wp-content\/uploads\/2021\/02\/quentin-daniel-carre-1-600x600.jpg 600w, https:\/\/www.ordinaireextra.fr\/wp-content\/uploads\/2021\/02\/quentin-daniel-carre-1-100x100.jpg 100w\" sizes=\"auto, (max-width: 2560px) 100vw, 2560px\" \/>    <\/div>\r\n    <div class=\"outer-title\">\r\n        <div class=\"title mb16 mt30\">\r\n            <h4 class=\"mb0\">\r\n            Quentin Daniel            <\/h4>\r\n                    <\/div>\r\n        <div class=\"content sms-text mb8\">come\u0301dien, musicien\r\n\r\nApre\u0300s des e\u0301tudes de jazz au conservatoire de Perpignan, en musicologie a\u0300 la faculte\u0301 Jean-Jaure\u0300s de Toulouse, Quentin termine son cursus par trois anne\u0301es a\u0300 l&#039;e\u0301cole Music&#039;Halle de Toulouse,\r\n\r\nIl cultive les collaborations artistiques dans la pluridisciplinarite\u0301 avec les Cie Lili Catharsis, collectif Dix par e\u0302tre, la Cie Un loup pour l&#039;homme, Alchimere et joue dans divers groupes de musiques : Heeka , Claire Gimatt, Clara Sanchez, Fanfare HP, Tante Jaco etc. Il est notamment l&#039;instigateur de -Watusi-<\/div>            <\/div>\r\n<\/div><div class=\"col-md-4 col-sm-6 text-center mb24 org-col\">\r\n    <div class=\"image-box image-round outer-title image-circle-min\">\r\n        <img loading=\"lazy\" decoding=\"async\" width=\"2511\" height=\"2510\" src=\"https:\/\/www.ordinaireextra.fr\/wp-content\/uploads\/2021\/02\/image_50379265-carre.jpg\" class=\"attachment-full size-full wp-post-image\" alt=\"\" srcset=\"https:\/\/www.ordinaireextra.fr\/wp-content\/uploads\/2021\/02\/image_50379265-carre.jpg 2511w, https:\/\/www.ordinaireextra.fr\/wp-content\/uploads\/2021\/02\/image_50379265-carre-300x300.jpg 300w, https:\/\/www.ordinaireextra.fr\/wp-content\/uploads\/2021\/02\/image_50379265-carre-1024x1024.jpg 1024w, https:\/\/www.ordinaireextra.fr\/wp-content\/uploads\/2021\/02\/image_50379265-carre-150x150.jpg 150w, https:\/\/www.ordinaireextra.fr\/wp-content\/uploads\/2021\/02\/image_50379265-carre-768x768.jpg 768w, https:\/\/www.ordinaireextra.fr\/wp-content\/uploads\/2021\/02\/image_50379265-carre-1536x1536.jpg 1536w, https:\/\/www.ordinaireextra.fr\/wp-content\/uploads\/2021\/02\/image_50379265-carre-2048x2048.jpg 2048w, https:\/\/www.ordinaireextra.fr\/wp-content\/uploads\/2021\/02\/image_50379265-carre-60x60.jpg 60w, https:\/\/www.ordinaireextra.fr\/wp-content\/uploads\/2021\/02\/image_50379265-carre-600x600.jpg 600w, https:\/\/www.ordinaireextra.fr\/wp-content\/uploads\/2021\/02\/image_50379265-carre-100x100.jpg 100w\" sizes=\"auto, (max-width: 2511px) 100vw, 2511px\" \/>    <\/div>\r\n    <div class=\"outer-title\">\r\n        <div class=\"title mb16 mt30\">\r\n            <h4 class=\"mb0\">\r\n            Sara Carlni            <\/h4>\r\n                    <\/div>\r\n        <div class=\"content sms-text mb8\">Com\u00e9dienne et autrice, Michel Genniaux Philippe Flahaut, Anne Sicco, Solange Oswald, le mime Marceau, Rodrigo Garcia, Oscar Gomez Mata, Jean- Louis Hourdin et Eug\u00e8ne Durif ont assur\u00e9 sa formation et contribu\u00e9 \u00e0 fa\u00e7onner son identit\u00e9 artistique.\r\nElle travaille pour plusieurs compagnies et d\u00e9veloppe des projets pluridisciplinaires au sein de sa cie \u00ab \u00f4Rageuse \u00bb Sarah a sign\u00e9 ou co-sign\u00e9 48 mises en sc\u00e8ne, jou\u00e9 dans 27 spectacles, 6 courts-m\u00e9trages, 3 web s\u00e9ries et co-dirig\u00e9 3 compagnies.<\/div>            <\/div>\r\n<\/div><\/div><div class=\"row mt24\"><div class=\"col-md-4 col-sm-6 text-center mb24 org-col\">\r\n    <div class=\"image-box image-round outer-title image-circle-min\">\r\n            <\/div>\r\n    <div class=\"outer-title\">\r\n        <div class=\"title mb16 mt30\">\r\n            <h4 class=\"mb0\">\r\n            Nicolas Jean            <\/h4>\r\n                    <\/div>\r\n        <div class=\"content sms-text mb8\">Nicolas Jean a cr\u00e9e La Compagnie La Cuill\u00e8re, n\u00e9e en 2004 \u00e0 Lille de la volont\u00e9 de mettre en sc\u00e8ne un th\u00e9\u00e2tre pluridisciplinaire, m\u00ealant marionnettes contemporaines, th\u00e9\u00e2tre d\u2019objets et influences circassiennes.<\/div>            <\/div>\r\n<\/div><div class=\"col-md-4 col-sm-6 text-center mb24 org-col\">\r\n    <div class=\"image-box image-round outer-title image-circle-min\">\r\n        <img loading=\"lazy\" decoding=\"async\" width=\"1686\" height=\"1686\" src=\"https:\/\/www.ordinaireextra.fr\/wp-content\/uploads\/2021\/02\/Giovanna-Merlin-carre.jpg\" class=\"attachment-full size-full wp-post-image\" alt=\"\" srcset=\"https:\/\/www.ordinaireextra.fr\/wp-content\/uploads\/2021\/02\/Giovanna-Merlin-carre.jpg 1686w, https:\/\/www.ordinaireextra.fr\/wp-content\/uploads\/2021\/02\/Giovanna-Merlin-carre-300x300.jpg 300w, https:\/\/www.ordinaireextra.fr\/wp-content\/uploads\/2021\/02\/Giovanna-Merlin-carre-1024x1024.jpg 1024w, https:\/\/www.ordinaireextra.fr\/wp-content\/uploads\/2021\/02\/Giovanna-Merlin-carre-150x150.jpg 150w, https:\/\/www.ordinaireextra.fr\/wp-content\/uploads\/2021\/02\/Giovanna-Merlin-carre-768x768.jpg 768w, https:\/\/www.ordinaireextra.fr\/wp-content\/uploads\/2021\/02\/Giovanna-Merlin-carre-1536x1536.jpg 1536w, https:\/\/www.ordinaireextra.fr\/wp-content\/uploads\/2021\/02\/Giovanna-Merlin-carre-60x60.jpg 60w, https:\/\/www.ordinaireextra.fr\/wp-content\/uploads\/2021\/02\/Giovanna-Merlin-carre-600x600.jpg 600w, https:\/\/www.ordinaireextra.fr\/wp-content\/uploads\/2021\/02\/Giovanna-Merlin-carre-100x100.jpg 100w\" sizes=\"auto, (max-width: 1686px) 100vw, 1686px\" \/>    <\/div>\r\n    <div class=\"outer-title\">\r\n        <div class=\"title mb16 mt30\">\r\n            <h4 class=\"mb0\">\r\n            Giovanna Merlin            <\/h4>\r\n                    <\/div>\r\n        <div class=\"content sms-text mb8\">Giovanna est italienne,passionn\u00e9 par le cirque part pour faire des \u00e9coles en 2002 \u00e0:\r\n\r\nBologne \u00ab Galante Garrone \u00bb ,\u00e0 L\u2019EMCA \u00e0 Madrid, puis va \u00e0 Gen\u00e8ve \u00ab th\u00e9\u00e2tre circule \u00bb et le FRACO ecole de theatre clown \u00e0 Lyon. Elle \u00e0 la chance de rencontrer Michelle Dallaire avec qui c\u2019est form\u00e9 \u00e0 l\u2019art du clown en hangar de mine. Elle continue \u00e0 se former avec Emmanuel Sembely. Travail dans plusieurs compagnie de spectacle de rue et cirque comme \u201c la cie dell\u2019imprevisto\u201d, \u00ab le Cirque Bidon\u00bb., \u201cLes Dragons du Cormyr\u201d , Alchimere, Artmutant, elle est formatrice en clown de puis 2014.<\/div>            <\/div>\r\n<\/div><\/div><\/div>[\/vc_column][\/vc_row][vc_row disable_element=\u00a0\u00bbyes\u00a0\u00bb][vc_column]<div id=\"iconbox-6a04543add129\" class=\"\"><div class=\"icon-link\"><div class=\"relative mb0 text-center\">\n\t\t\t\t\t\t\t<i  class=\"ti-user circle-icon small-icon  inline-block mb16 ms-text icon-lg\"><\/i>\n\t\t\t\t\t\t\t<h5  class=\"widgettitle mb8\">Le bureau de la compagnie<\/h5>\n\t\t\t\t\t\t\t<div  class=\"widgetsubtitle mb16\"><\/div>\n\t\t\t\t\t\t\t<div  class=\"icon-content\"><\/div> \n\t\t\t\t\t\t<\/div><\/div><\/div>[vc_row_inner][vc_column_inner width=\u00a0\u00bb1\/3&Prime;][vc_single_image image=\u00a0\u00bb289&Prime; img_size=\u00a0\u00bbfull\u00a0\u00bb alignment=\u00a0\u00bbcenter\u00a0\u00bb style=\u00a0\u00bbvc_box_border_circle\u00a0\u00bb][vc_column_text]Giovana, pr\u00e9sidente de l&rsquo;association[\/vc_column_text][\/vc_column_inner][vc_column_inner width=\u00a0\u00bb1\/3&Prime;][vc_single_image image=\u00a0\u00bb289&Prime; img_size=\u00a0\u00bbfull\u00a0\u00bb alignment=\u00a0\u00bbcenter\u00a0\u00bb style=\u00a0\u00bbvc_box_border_circle\u00a0\u00bb][vc_column_text]Quentin, secr\u00e9taire de l&rsquo;association[\/vc_column_text][\/vc_column_inner][vc_column_inner width=\u00a0\u00bb1\/3&Prime;][vc_single_image image=\u00a0\u00bb289&Prime; img_size=\u00a0\u00bbfull\u00a0\u00bb alignment=\u00a0\u00bbcenter\u00a0\u00bb style=\u00a0\u00bbvc_box_border_circle\u00a0\u00bb][vc_column_text]Vincent, tr\u00e9sorier de l&rsquo;association[\/vc_column_text][\/vc_column_inner][\/vc_row_inner][\/vc_column][\/vc_row]<\/p>\n<\/section>","protected":false},"excerpt":{"rendered":"<p>[vc_row tlg_white_color=\u00a0\u00bbcolor-white\u00a0\u00bb tlg_parallax=\u00a0\u00bbnot-parallax\u00a0\u00bb tlg_text_align=\u00a0\u00bbtext-center\u00a0\u00bb css=\u00a0\u00bb.vc_custom_1620054161088{background-image: url(https:\/\/www.ordinaireextra.fr\/wp-content\/uploads\/2021\/02\/IMG_4397-16-9-e1613291074391.jpg?id=214) !important;}\u00a0\u00bb][vc_column width=\u00a0\u00bb1\/4&Prime;][\/vc_column][vc_column width=\u00a0\u00bb1\/2&Prime;][vc_column_text] Quand l\u2019ordinaire devient extra [\/vc_column_text][\/vc_column][vc_column width=\u00a0\u00bb1\/4&Prime;][\/vc_column][\/vc_row][vc_row css=\u00a0\u00bb.vc_custom_1620050762841{background-color:&#8230;<\/p>\n","protected":false},"author":1,"featured_media":0,"parent":0,"menu_order":0,"comment_status":"closed","ping_status":"closed","template":"","meta":{"footnotes":""},"class_list":["post-116","page","type-page","status-publish","hentry"],"yoast_head":"<!-- This site is optimized with the Yoast SEO plugin v27.2 - https:\/\/yoast.com\/product\/yoast-seo-wordpress\/ -->\n<title>La compagnie - Ordinaire extra<\/title>\n<meta name=\"robots\" content=\"index, follow, max-snippet:-1, max-image-preview:large, max-video-preview:-1\" \/>\n<link rel=\"canonical\" href=\"https:\/\/www.ordinaireextra.fr\/index.php\/la-compagnie\/\" \/>\n<meta property=\"og:locale\" content=\"fr_FR\" \/>\n<meta property=\"og:type\" content=\"article\" \/>\n<meta property=\"og:title\" content=\"La compagnie - Ordinaire extra\" \/>\n<meta property=\"og:description\" content=\"[vc_row tlg_white_color=\u00a0\u00bbcolor-white\u00a0\u00bb tlg_parallax=\u00a0\u00bbnot-parallax\u00a0\u00bb tlg_text_align=\u00a0\u00bbtext-center\u00a0\u00bb css=\u00a0\u00bb.vc_custom_1620054161088{background-image: url(https:\/\/www.ordinaireextra.fr\/wp-content\/uploads\/2021\/02\/IMG_4397-16-9-e1613291074391.jpg?id=214) !important;}\u00a0\u00bb][vc_column width=\u00a0\u00bb1\/4&Prime;][\/vc_column][vc_column width=\u00a0\u00bb1\/2&Prime;][vc_column_text] Quand l\u2019ordinaire devient extra [\/vc_column_text][\/vc_column][vc_column width=\u00a0\u00bb1\/4&Prime;][\/vc_column][\/vc_row][vc_row css=\u00a0\u00bb.vc_custom_1620050762841{background-color:...\" \/>\n<meta property=\"og:url\" content=\"https:\/\/www.ordinaireextra.fr\/index.php\/la-compagnie\/\" \/>\n<meta property=\"og:site_name\" content=\"Ordinaire extra\" \/>\n<meta property=\"article:modified_time\" content=\"2025-06-22T04:52:57+00:00\" \/>\n<meta name=\"twitter:card\" content=\"summary_large_image\" \/>\n<meta name=\"twitter:label1\" content=\"Dur\u00e9e de lecture estim\u00e9e\" \/>\n\t<meta name=\"twitter:data1\" content=\"4 minutes\" \/>\n<script type=\"application\/ld+json\" class=\"yoast-schema-graph\">{\"@context\":\"https:\/\/schema.org\",\"@graph\":[{\"@type\":\"WebPage\",\"@id\":\"https:\/\/www.ordinaireextra.fr\/index.php\/la-compagnie\/\",\"url\":\"https:\/\/www.ordinaireextra.fr\/index.php\/la-compagnie\/\",\"name\":\"La compagnie - Ordinaire extra\",\"isPartOf\":{\"@id\":\"https:\/\/www.ordinaireextra.fr\/#website\"},\"datePublished\":\"2021-01-27T09:11:14+00:00\",\"dateModified\":\"2025-06-22T04:52:57+00:00\",\"breadcrumb\":{\"@id\":\"https:\/\/www.ordinaireextra.fr\/index.php\/la-compagnie\/#breadcrumb\"},\"inLanguage\":\"fr-FR\",\"potentialAction\":[{\"@type\":\"ReadAction\",\"target\":[\"https:\/\/www.ordinaireextra.fr\/index.php\/la-compagnie\/\"]}]},{\"@type\":\"BreadcrumbList\",\"@id\":\"https:\/\/www.ordinaireextra.fr\/index.php\/la-compagnie\/#breadcrumb\",\"itemListElement\":[{\"@type\":\"ListItem\",\"position\":1,\"name\":\"Accueil\",\"item\":\"https:\/\/www.ordinaireextra.fr\/\"},{\"@type\":\"ListItem\",\"position\":2,\"name\":\"La compagnie\"}]},{\"@type\":\"WebSite\",\"@id\":\"https:\/\/www.ordinaireextra.fr\/#website\",\"url\":\"https:\/\/www.ordinaireextra.fr\/\",\"name\":\"Ordinaire extra\",\"description\":\"Quand l&#039;ordinaire devient extra !\",\"potentialAction\":[{\"@type\":\"SearchAction\",\"target\":{\"@type\":\"EntryPoint\",\"urlTemplate\":\"https:\/\/www.ordinaireextra.fr\/?s={search_term_string}\"},\"query-input\":{\"@type\":\"PropertyValueSpecification\",\"valueRequired\":true,\"valueName\":\"search_term_string\"}}],\"inLanguage\":\"fr-FR\"}]}<\/script>\n<!-- \/ Yoast SEO plugin. -->","yoast_head_json":{"title":"La compagnie - Ordinaire extra","robots":{"index":"index","follow":"follow","max-snippet":"max-snippet:-1","max-image-preview":"max-image-preview:large","max-video-preview":"max-video-preview:-1"},"canonical":"https:\/\/www.ordinaireextra.fr\/index.php\/la-compagnie\/","og_locale":"fr_FR","og_type":"article","og_title":"La compagnie - Ordinaire extra","og_description":"[vc_row tlg_white_color=\u00a0\u00bbcolor-white\u00a0\u00bb tlg_parallax=\u00a0\u00bbnot-parallax\u00a0\u00bb tlg_text_align=\u00a0\u00bbtext-center\u00a0\u00bb css=\u00a0\u00bb.vc_custom_1620054161088{background-image: url(https:\/\/www.ordinaireextra.fr\/wp-content\/uploads\/2021\/02\/IMG_4397-16-9-e1613291074391.jpg?id=214) !important;}\u00a0\u00bb][vc_column width=\u00a0\u00bb1\/4&Prime;][\/vc_column][vc_column width=\u00a0\u00bb1\/2&Prime;][vc_column_text] Quand l\u2019ordinaire devient extra [\/vc_column_text][\/vc_column][vc_column width=\u00a0\u00bb1\/4&Prime;][\/vc_column][\/vc_row][vc_row css=\u00a0\u00bb.vc_custom_1620050762841{background-color:...","og_url":"https:\/\/www.ordinaireextra.fr\/index.php\/la-compagnie\/","og_site_name":"Ordinaire extra","article_modified_time":"2025-06-22T04:52:57+00:00","twitter_card":"summary_large_image","twitter_misc":{"Dur\u00e9e de lecture estim\u00e9e":"4 minutes"},"schema":{"@context":"https:\/\/schema.org","@graph":[{"@type":"WebPage","@id":"https:\/\/www.ordinaireextra.fr\/index.php\/la-compagnie\/","url":"https:\/\/www.ordinaireextra.fr\/index.php\/la-compagnie\/","name":"La compagnie - Ordinaire extra","isPartOf":{"@id":"https:\/\/www.ordinaireextra.fr\/#website"},"datePublished":"2021-01-27T09:11:14+00:00","dateModified":"2025-06-22T04:52:57+00:00","breadcrumb":{"@id":"https:\/\/www.ordinaireextra.fr\/index.php\/la-compagnie\/#breadcrumb"},"inLanguage":"fr-FR","potentialAction":[{"@type":"ReadAction","target":["https:\/\/www.ordinaireextra.fr\/index.php\/la-compagnie\/"]}]},{"@type":"BreadcrumbList","@id":"https:\/\/www.ordinaireextra.fr\/index.php\/la-compagnie\/#breadcrumb","itemListElement":[{"@type":"ListItem","position":1,"name":"Accueil","item":"https:\/\/www.ordinaireextra.fr\/"},{"@type":"ListItem","position":2,"name":"La compagnie"}]},{"@type":"WebSite","@id":"https:\/\/www.ordinaireextra.fr\/#website","url":"https:\/\/www.ordinaireextra.fr\/","name":"Ordinaire extra","description":"Quand l&#039;ordinaire devient extra !","potentialAction":[{"@type":"SearchAction","target":{"@type":"EntryPoint","urlTemplate":"https:\/\/www.ordinaireextra.fr\/?s={search_term_string}"},"query-input":{"@type":"PropertyValueSpecification","valueRequired":true,"valueName":"search_term_string"}}],"inLanguage":"fr-FR"}]}},"_links":{"self":[{"href":"https:\/\/www.ordinaireextra.fr\/index.php\/wp-json\/wp\/v2\/pages\/116","targetHints":{"allow":["GET"]}}],"collection":[{"href":"https:\/\/www.ordinaireextra.fr\/index.php\/wp-json\/wp\/v2\/pages"}],"about":[{"href":"https:\/\/www.ordinaireextra.fr\/index.php\/wp-json\/wp\/v2\/types\/page"}],"author":[{"embeddable":true,"href":"https:\/\/www.ordinaireextra.fr\/index.php\/wp-json\/wp\/v2\/users\/1"}],"replies":[{"embeddable":true,"href":"https:\/\/www.ordinaireextra.fr\/index.php\/wp-json\/wp\/v2\/comments?post=116"}],"version-history":[{"count":59,"href":"https:\/\/www.ordinaireextra.fr\/index.php\/wp-json\/wp\/v2\/pages\/116\/revisions"}],"predecessor-version":[{"id":816,"href":"https:\/\/www.ordinaireextra.fr\/index.php\/wp-json\/wp\/v2\/pages\/116\/revisions\/816"}],"wp:attachment":[{"href":"https:\/\/www.ordinaireextra.fr\/index.php\/wp-json\/wp\/v2\/media?parent=116"}],"curies":[{"name":"wp","href":"https:\/\/api.w.org\/{rel}","templated":true}]}}