{"id":843,"date":"2026-03-26T08:21:40","date_gmt":"2026-03-26T07:21:40","guid":{"rendered":"https:\/\/www.ordinaireextra.fr\/?page_id=843"},"modified":"2026-03-26T08:24:36","modified_gmt":"2026-03-26T07:24:36","slug":"formation-clown","status":"publish","type":"page","link":"https:\/\/www.ordinaireextra.fr\/index.php\/formation-clown\/","title":{"rendered":"Stage de clown"},"content":{"rendered":"<section class=\"wpb-content-wrapper\"><p>[vc_row css_animation=\u00a0\u00bbfadeIn\u00a0\u00bb tlg_text_align=\u00a0\u00bbtext-center\u00a0\u00bb css=\u00a0\u00bb.vc_custom_1774509430005{margin-top: 0px !important;margin-bottom: 0px !important;}\u00a0\u00bb][vc_column][vc_column_text]<\/p>\n<h2 style=\"text-align: center;\">Oser le clown<\/h2>\n<p>[\/vc_column_text][vc_row_inner gap=\u00a0\u00bb30&Prime; css=\u00a0\u00bb.vc_custom_1774506620771{margin-top: 1em !important;margin-right: 4em !important;margin-bottom: 1em !important;margin-left: 4em !important;}\u00a0\u00bb][vc_column_inner width=\u00a0\u00bb1\/2&Prime;][vc_column_text]<\/p>\n<p style=\"text-align: left;\"><strong><span style=\"color: #000000;\">Ce stage est pour tous ceux qui disent :<\/span><\/strong><br \/>\n<strong><span style=\"color: #000000;\">\u00ab J\u2019aimerais\u2026 mais je n\u2019ose pas ! \u00bb ou<\/span><\/strong><br \/>\n<strong><span style=\"color: #000000;\">\u00ab G\u00e9nial, j\u2019ai trop envie ! \u00bb<\/span><\/strong><\/p>\n<p style=\"text-align: left;\"><span style=\"color: #000000;\">Que vous soyez d\u00e9butant, curieux ou d\u00e9j\u00e0 familier du jeu, ce stage propose un espace pour explorer le clown, d\u00e9velopper sa cr\u00e9ativit\u00e9 et d\u00e9couvrir une autre mani\u00e8re d\u2019\u00eatre sur sc\u00e8ne.<\/span><\/p>\n<p>[\/vc_column_text][vc_column_text]<\/p>\n<h2 style=\"text-align: left;\">Le clown<\/h2>\n<p>[\/vc_column_text][vc_column_text]<\/p>\n<p style=\"text-align: left;\"><strong><span style=\"color: #000000;\">Personnage na\u00eff, spontan\u00e9, sensible et fantaisiste, le clown aime la d\u00e9mesure.<\/span><\/strong><br \/>\n<span style=\"color: #000000;\">Il peut \u00eatre ridicule, souvent malgr\u00e9 lui, mais il avance avec toute son humanit\u00e9 et toutes ses fragilit\u00e9s.<\/span><\/p>\n<p style=\"text-align: left;\"><span style=\"color: #000000;\">Le clown est un personnage optimiste, reli\u00e9 du corps au c\u0153ur et en relation directe avec le public. Il transforme ses fragilit\u00e9s, ses erreurs et ses \u00e9motions en mati\u00e8re de jeu.<\/span><\/p>\n<p style=\"text-align: left;\"><span style=\"color: #000000;\">Le clown nous apprend \u00e0 suivre nos \u00e9lans, \u00e0 nous faire confiance et \u00e0 rel\u00e2cher le jugement et la censure, envers nous-m\u00eames comme envers les autres.<\/span><\/p>\n<p style=\"text-align: left;\"><span style=\"color: #000000;\">Ce que j\u2019aime dans le clown, c\u2019est son regard. Un regard qui lui permet de d\u00e9caler le monde, de d\u00e9tourner les codes sociaux, parfois de les accepter, parfois de les transformer.<\/span><\/p>\n<p style=\"text-align: left;\"><span style=\"color: #000000;\">Le clown est simplement vivant.<\/span><br \/>\n<span style=\"color: #000000;\">Il est travers\u00e9 par ses \u00e9motions et pr\u00e9sent \u00e0 ce qu\u2019il ressent.<\/span><br \/>\n<span style=\"color: #000000;\">Il ose essayer, agir, se tromper.<\/span><br \/>\n<span style=\"color: #000000;\">Il avance avant de comprendre.<\/span><\/p>\n<p style=\"text-align: left;\"><span style=\"color: #000000;\">Le clown est un miroir de l\u2019\u00eatre humain.<\/span><\/p>\n<p style=\"text-align: left;\"><span style=\"color: #000000;\">Travailler le clown, c\u2019est accepter de se d\u00e9caler de soi, de l\u00e2cher un peu le contr\u00f4le, les habitudes et les images que l\u2019on croit devoir tenir.<\/span><\/p>\n<p style=\"text-align: left;\"><span style=\"color: #000000;\">Dans cet espace de jeu, quelque chose devient possible :<\/span><br \/>\n<span style=\"color: #000000;\">un jeu plus libre, plus fragile, plus vivant.<\/span>[\/vc_column_text][vc_column_text]<\/p>\n<p style=\"text-align: left;\"><span style=\"color: #000000;\"><b>R\u00e8gle n\u00b01 : le clown dit OUI\u2026 et !<\/b><\/span><\/p>\n<p style=\"text-align: left;\"><span style=\"color: #000000;\"><span style=\"font-weight: 400;\">Le clown accepte ce qui arrive.<br \/>\n<\/span><span style=\"font-weight: 400;\">Il accueille les situations, les erreurs, les surprises\u2026 et les transforme en jeu.<br \/>\n<\/span><span style=\"font-weight: 400;\">Cette r\u00e8gle simple ouvre un espace de libert\u00e9, d\u2019improvisation et de cr\u00e9ativit\u00e9.<\/span><\/span>[\/vc_column_text][\/vc_column_inner][vc_column_inner width=\u00a0\u00bb1\/2&Prime;][vc_single_image image=\u00a0\u00bb331&Prime; img_size=\u00a0\u00bbfull\u00a0\u00bb onclick=\u00a0\u00bblink_image\u00a0\u00bb css_animation=\u00a0\u00bbfadeInRight\u00a0\u00bb][\/vc_column_inner][\/vc_row_inner][vc_row_inner gap=\u00a0\u00bb35&Prime; css=\u00a0\u00bb.vc_custom_1774509217557{margin-top: 1em !important;margin-right: 4em !important;margin-left: 4em !important;}\u00a0\u00bb][vc_column_inner width=\u00a0\u00bb1\/2&Prime;][vc_column_text css_animation=\u00a0\u00bbfadeIn\u00a0\u00bb]<\/p>\n<h3 style=\"text-align: left;\">Objectifs<\/h3>\n<p>[\/vc_column_text][vc_single_image image=\u00a0\u00bb861&Prime; img_size=\u00a0\u00bblarge\u00a0\u00bb css_animation=\u00a0\u00bbfadeIn\u00a0\u00bb][vc_column_text]<\/p>\n<p style=\"text-align: left;\"><strong><span style=\"color: #000000;\">Ce stage propose d\u2019explorer l\u2019\u00e9tat clownesque et de d\u00e9velopper un jeu plus libre et plus authentique.<\/span><\/strong><\/p>\n<p style=\"text-align: left;\"><span style=\"color: #000000;\">\u00c0 travers le travail du corps, de l\u2019improvisation et de la relation au public, chacun est invit\u00e9 \u00e0 d\u00e9couvrir son propre clown et \u00e0 d\u00e9velopper sa cr\u00e9ativit\u00e9.<\/span><\/p>\n<p style=\"text-align: left;\"><strong><span style=\"color: #000000;\">Le stage permet notamment de :<\/span><\/strong><\/p>\n<p style=\"text-align: left;\"><span style=\"color: #000000;\">\u2022 d\u00e9couvrir et d\u00e9velopper son personnage clown<\/span><br \/>\n<span style=\"color: #000000;\">\u2022 travailler la pr\u00e9sence sc\u00e9nique et la relation directe avec le public<\/span><br \/>\n<span style=\"color: #000000;\">\u2022 d\u00e9velopper l\u2019\u00e9coute de soi, du partenaire et du groupe<\/span><br \/>\n<span style=\"color: #000000;\">\u2022 explorer l\u2019improvisation et la spontan\u00e9it\u00e9 du jeu<\/span><br \/>\n<span style=\"color: #000000;\">\u2022 accepter le ridicule et l\u2019\u00e9chec comme moteurs comiques<\/span><br \/>\n<span style=\"color: #000000;\">\u2022 gagner en libert\u00e9 corporelle et en confiance sur sc\u00e8ne<\/span><\/p>\n<p style=\"text-align: left;\"><span style=\"color: #000000;\">Trouver un espace de jeu sinc\u00e8re, libre, o\u00f9 chacun peut laisser appara\u00eetre son clown singulier.<\/span><\/p>\n<p>[\/vc_column_text][\/vc_column_inner][vc_column_inner width=\u00a0\u00bb1\/2&Prime;][vc_column_text css_animation=\u00a0\u00bbfadeIn\u00a0\u00bb]<\/p>\n<h3 style=\"text-align: left;\">Contenu du stage<\/h3>\n<p>[\/vc_column_text][vc_column_text]<\/p>\n<p style=\"text-align: left;\"><span style=\"color: #000000;\"><strong>Le stage propose une exploration progressive du jeu clownesque \u00e0 travers le corps, l\u2019improvisation et la relation au public.<\/strong><\/span><\/p>\n<p style=\"text-align: left;\"><span style=\"color: #000000;\">Le travail s\u2019organise autour de plusieurs axes :<\/span><\/p>\n<p style=\"text-align: left;\"><span style=\"color: #000000;\">\u2022 \u00c9veil corporel et pr\u00e9sence sc\u00e9nique : \u00e9chauffement, respiration et d\u00e9tente pour lib\u00e9rer les tensions, travail sur l\u2019ancrage, la posture et la conscience corporelle.<\/span><\/p>\n<p style=\"text-align: left;\"><span style=\"color: #000000;\">\u2022 Circulation de l\u2019\u00e9nergie dans le corps : exploration des attitudes et des points d\u2019expression (bassin, omoplates, nuque) pour d\u00e9velopper la pr\u00e9sence et l\u2019expressivit\u00e9.<\/span><\/p>\n<p style=\"text-align: left;\"><span style=\"color: #000000;\">\u2022 D\u00e9marche et silhouette du clown : recherche de diff\u00e9rentes mani\u00e8res de marcher, de se tenir et de bouger afin de faire \u00e9merger un personnage singulier.<\/span><\/p>\n<p style=\"text-align: left;\"><span style=\"color: #000000;\">\u2022 Improvisation et relation au public : situations de jeu en solo, en duo ou en groupe pour d\u00e9velopper l\u2019\u00e9coute, la spontan\u00e9it\u00e9 et la connexion avec le public.<\/span><\/p>\n<p style=\"text-align: left;\"><span style=\"color: #000000;\">\u2022 Rythme comique : exploration des silences, des pauses et des ruptures qui structurent le jeu clownesque.<\/span><\/p>\n<p style=\"text-align: left;\"><span style=\"color: #000000;\">\u2022 Le bide et l\u2019\u00e9chec : apprendre \u00e0 accueillir l\u2019erreur et \u00e0 la transformer en moteur de jeu.<\/span><\/p>\n<p style=\"text-align: left;\"><span style=\"color: #000000;\">\u2022 Construction d\u2019une sc\u00e8ne clownesque : d\u00e9couverte des cinq \u00e9tapes du num\u00e9ro de clown \u2013 entr\u00e9e, pr\u00e9paration, pr\u00e9texte, temps public et sortie.<\/span><\/p>\n<p style=\"text-align: left;\"><span style=\"color: #000000;\">\u2022 Exploration sc\u00e9nique : improvisations accompagn\u00e9es et temps de partage autour des ressentis et des formes explor\u00e9es durant le stage.<\/span><\/p>\n<p>[\/vc_column_text][\/vc_column_inner][\/vc_row_inner][vc_row_inner gap=\u00a0\u00bb30&Prime; css=\u00a0\u00bb.vc_custom_1774509824019{margin-top: 2em !important;margin-right: 4em !important;margin-bottom: 1em !important;margin-left: 4em !important;padding-top: 3em !important;padding-right: 3em !important;padding-bottom: 3em !important;padding-left: 3em !important;background-color: #f7f7f7 !important;border-radius: 10px !important;}\u00a0\u00bb][vc_column_inner width=\u00a0\u00bb1\/3&Prime;][vc_single_image image=\u00a0\u00bb863&Prime; img_size=\u00a0\u00bblarge\u00a0\u00bb style=\u00a0\u00bbvc_box_circle\u00a0\u00bb css_animation=\u00a0\u00bbflipInX\u00a0\u00bb][\/vc_column_inner][vc_column_inner width=\u00a0\u00bb2\/3&Prime;][vc_column_text]<\/p>\n<h3 style=\"text-align: left;\">Giovanna Merlin<\/h3>\n<p>[\/vc_column_text][vc_column_text css=\u00a0\u00bb.vc_custom_1774509282742{margin-top: 0px !important;}\u00a0\u00bb]<\/p>\n<p style=\"text-align: left;\"><span style=\"color: #000000;\"><strong>Giovanna Merlin est com\u00e9dienne, clown et circassienne d\u2019origine italienne.<br \/>\n<\/strong>Son travail artistique se situe \u00e0 la crois\u00e9e du cirque, du th\u00e9\u00e2tre physique et de la recherche clownesque.<\/span><\/p>\n<p style=\"text-align: left;\"><span style=\"color: #000000;\">Form\u00e9e au cirque et au clown en Suisse, en Espagne, en Italie et en France, elle d\u00e9veloppe une approche du jeu centr\u00e9e sur le corps, la pr\u00e9sence et l\u2019authenticit\u00e9. Son parcours est notamment nourri par l\u2019enseignement de Michelle Dallaire, dont la p\u00e9dagogie met au c\u0153ur du travail la sinc\u00e9rit\u00e9 du jeu et la relation vivante avec le public.<\/span><\/p>\n<p style=\"text-align: left;\"><span style=\"color: #000000;\">En fondant la compagnie <strong>Ordinaire-Extra<\/strong>, Giovanna Merlin poursuit une recherche artistique autour de l\u2019imaginaire, de la fragilit\u00e9 humaine et de la po\u00e9sie du quotidien. Ses cr\u00e9ations explorent des univers sensibles et d\u00e9cal\u00e9s o\u00f9 le corps, l\u2019objet et l\u2019humour deviennent des moyens de raconter autrement le monde.<\/span><\/p>\n<p style=\"text-align: left;\"><span style=\"color: #000000;\">Parall\u00e8lement \u00e0 son travail de cr\u00e9ation, elle d\u00e9veloppe une activit\u00e9 de transmission \u00e0 travers des stages, des ateliers et des projets artistiques men\u00e9s avec des publics vari\u00e9s. Elle s\u2019int\u00e9resse particuli\u00e8rement aux espaces o\u00f9 l\u2019art peut cr\u00e9er du lien : projets interg\u00e9n\u00e9rationnels, actions culturelles et rencontres avec des publics \u00e9loign\u00e9s de la pratique artistique.<\/span><\/p>\n<p style=\"text-align: left;\"><span style=\"color: #000000;\">Sa p\u00e9dagogie invite chacun \u00e0 d\u00e9velopper sa cr\u00e9ativit\u00e9, sa pr\u00e9sence et la libert\u00e9 du jeu, dans une recherche sensible et profond\u00e9ment humaine.<\/span><\/p>\n<p>[\/vc_column_text][\/vc_column_inner][\/vc_row_inner][\/vc_column][\/vc_row]<\/p>\n<\/section>","protected":false},"excerpt":{"rendered":"<p>[vc_row css_animation=\u00a0\u00bbfadeIn\u00a0\u00bb tlg_text_align=\u00a0\u00bbtext-center\u00a0\u00bb css=\u00a0\u00bb.vc_custom_1774509430005{margin-top: 0px !important;margin-bottom: 0px !important;}\u00a0\u00bb][vc_column][vc_column_text] Oser le clown [\/vc_column_text][vc_row_inner gap=\u00a0\u00bb30&Prime; css=\u00a0\u00bb.vc_custom_1774506620771{margin-top: 1em !important;margin-right:&#8230;<\/p>\n","protected":false},"author":1,"featured_media":858,"parent":0,"menu_order":0,"comment_status":"closed","ping_status":"closed","template":"","meta":{"footnotes":""},"class_list":["post-843","page","type-page","status-publish","has-post-thumbnail","hentry"],"yoast_head":"<!-- This site is optimized with the Yoast SEO plugin v27.2 - https:\/\/yoast.com\/product\/yoast-seo-wordpress\/ -->\n<title>Oser le clown ! Stage Ordinaire Extra<\/title>\n<meta name=\"description\" content=\"R\u00e9veillez le clown qui est en vous, cet \u00eatre na\u00eff et sensible, qui aime la d\u00e9mesure, et \u00eatre ridicule malgr\u00e9 lui. Giovanna Merlin.\" \/>\n<meta name=\"robots\" content=\"index, follow, max-snippet:-1, max-image-preview:large, max-video-preview:-1\" \/>\n<link rel=\"canonical\" href=\"https:\/\/www.ordinaireextra.fr\/index.php\/formation-clown\/\" \/>\n<meta property=\"og:locale\" content=\"fr_FR\" \/>\n<meta property=\"og:type\" content=\"article\" \/>\n<meta property=\"og:title\" content=\"Oser le clown ! Stage Ordinaire Extra\" \/>\n<meta property=\"og:description\" content=\"R\u00e9veillez le clown qui est en vous, cet \u00eatre na\u00eff et sensible, qui aime la d\u00e9mesure, et \u00eatre ridicule malgr\u00e9 lui. Giovanna Merlin.\" \/>\n<meta property=\"og:url\" content=\"https:\/\/www.ordinaireextra.fr\/index.php\/formation-clown\/\" \/>\n<meta property=\"og:site_name\" content=\"Ordinaire extra\" \/>\n<meta property=\"article:modified_time\" content=\"2026-03-26T07:24:36+00:00\" \/>\n<meta property=\"og:image\" content=\"https:\/\/www.ordinaireextra.fr\/wp-content\/uploads\/2026\/03\/header_formation_clown1.jpg\" \/>\n\t<meta property=\"og:image:width\" content=\"1184\" \/>\n\t<meta property=\"og:image:height\" content=\"447\" \/>\n\t<meta property=\"og:image:type\" content=\"image\/jpeg\" \/>\n<meta name=\"twitter:card\" content=\"summary_large_image\" \/>\n<meta name=\"twitter:label1\" content=\"Dur\u00e9e de lecture estim\u00e9e\" \/>\n\t<meta name=\"twitter:data1\" content=\"2 minutes\" \/>\n<script type=\"application\/ld+json\" class=\"yoast-schema-graph\">{\"@context\":\"https:\/\/schema.org\",\"@graph\":[{\"@type\":\"WebPage\",\"@id\":\"https:\/\/www.ordinaireextra.fr\/index.php\/formation-clown\/\",\"url\":\"https:\/\/www.ordinaireextra.fr\/index.php\/formation-clown\/\",\"name\":\"Oser le clown ! Stage Ordinaire Extra\",\"isPartOf\":{\"@id\":\"https:\/\/www.ordinaireextra.fr\/#website\"},\"primaryImageOfPage\":{\"@id\":\"https:\/\/www.ordinaireextra.fr\/index.php\/formation-clown\/#primaryimage\"},\"image\":{\"@id\":\"https:\/\/www.ordinaireextra.fr\/index.php\/formation-clown\/#primaryimage\"},\"thumbnailUrl\":\"https:\/\/www.ordinaireextra.fr\/wp-content\/uploads\/2026\/03\/header_formation_clown1.jpg\",\"datePublished\":\"2026-03-26T07:21:40+00:00\",\"dateModified\":\"2026-03-26T07:24:36+00:00\",\"description\":\"R\u00e9veillez le clown qui est en vous, cet \u00eatre na\u00eff et sensible, qui aime la d\u00e9mesure, et \u00eatre ridicule malgr\u00e9 lui. Giovanna Merlin.\",\"breadcrumb\":{\"@id\":\"https:\/\/www.ordinaireextra.fr\/index.php\/formation-clown\/#breadcrumb\"},\"inLanguage\":\"fr-FR\",\"potentialAction\":[{\"@type\":\"ReadAction\",\"target\":[\"https:\/\/www.ordinaireextra.fr\/index.php\/formation-clown\/\"]}]},{\"@type\":\"ImageObject\",\"inLanguage\":\"fr-FR\",\"@id\":\"https:\/\/www.ordinaireextra.fr\/index.php\/formation-clown\/#primaryimage\",\"url\":\"https:\/\/www.ordinaireextra.fr\/wp-content\/uploads\/2026\/03\/header_formation_clown1.jpg\",\"contentUrl\":\"https:\/\/www.ordinaireextra.fr\/wp-content\/uploads\/2026\/03\/header_formation_clown1.jpg\",\"width\":1184,\"height\":447},{\"@type\":\"BreadcrumbList\",\"@id\":\"https:\/\/www.ordinaireextra.fr\/index.php\/formation-clown\/#breadcrumb\",\"itemListElement\":[{\"@type\":\"ListItem\",\"position\":1,\"name\":\"Accueil\",\"item\":\"https:\/\/www.ordinaireextra.fr\/\"},{\"@type\":\"ListItem\",\"position\":2,\"name\":\"Stage de clown\"}]},{\"@type\":\"WebSite\",\"@id\":\"https:\/\/www.ordinaireextra.fr\/#website\",\"url\":\"https:\/\/www.ordinaireextra.fr\/\",\"name\":\"Ordinaire extra\",\"description\":\"Quand l&#039;ordinaire devient extra !\",\"potentialAction\":[{\"@type\":\"SearchAction\",\"target\":{\"@type\":\"EntryPoint\",\"urlTemplate\":\"https:\/\/www.ordinaireextra.fr\/?s={search_term_string}\"},\"query-input\":{\"@type\":\"PropertyValueSpecification\",\"valueRequired\":true,\"valueName\":\"search_term_string\"}}],\"inLanguage\":\"fr-FR\"}]}<\/script>\n<!-- \/ Yoast SEO plugin. -->","yoast_head_json":{"title":"Oser le clown ! Stage Ordinaire Extra","description":"R\u00e9veillez le clown qui est en vous, cet \u00eatre na\u00eff et sensible, qui aime la d\u00e9mesure, et \u00eatre ridicule malgr\u00e9 lui. Giovanna Merlin.","robots":{"index":"index","follow":"follow","max-snippet":"max-snippet:-1","max-image-preview":"max-image-preview:large","max-video-preview":"max-video-preview:-1"},"canonical":"https:\/\/www.ordinaireextra.fr\/index.php\/formation-clown\/","og_locale":"fr_FR","og_type":"article","og_title":"Oser le clown ! Stage Ordinaire Extra","og_description":"R\u00e9veillez le clown qui est en vous, cet \u00eatre na\u00eff et sensible, qui aime la d\u00e9mesure, et \u00eatre ridicule malgr\u00e9 lui. Giovanna Merlin.","og_url":"https:\/\/www.ordinaireextra.fr\/index.php\/formation-clown\/","og_site_name":"Ordinaire extra","article_modified_time":"2026-03-26T07:24:36+00:00","og_image":[{"width":1184,"height":447,"url":"https:\/\/www.ordinaireextra.fr\/wp-content\/uploads\/2026\/03\/header_formation_clown1.jpg","type":"image\/jpeg"}],"twitter_card":"summary_large_image","twitter_misc":{"Dur\u00e9e de lecture estim\u00e9e":"2 minutes"},"schema":{"@context":"https:\/\/schema.org","@graph":[{"@type":"WebPage","@id":"https:\/\/www.ordinaireextra.fr\/index.php\/formation-clown\/","url":"https:\/\/www.ordinaireextra.fr\/index.php\/formation-clown\/","name":"Oser le clown ! Stage Ordinaire Extra","isPartOf":{"@id":"https:\/\/www.ordinaireextra.fr\/#website"},"primaryImageOfPage":{"@id":"https:\/\/www.ordinaireextra.fr\/index.php\/formation-clown\/#primaryimage"},"image":{"@id":"https:\/\/www.ordinaireextra.fr\/index.php\/formation-clown\/#primaryimage"},"thumbnailUrl":"https:\/\/www.ordinaireextra.fr\/wp-content\/uploads\/2026\/03\/header_formation_clown1.jpg","datePublished":"2026-03-26T07:21:40+00:00","dateModified":"2026-03-26T07:24:36+00:00","description":"R\u00e9veillez le clown qui est en vous, cet \u00eatre na\u00eff et sensible, qui aime la d\u00e9mesure, et \u00eatre ridicule malgr\u00e9 lui. Giovanna Merlin.","breadcrumb":{"@id":"https:\/\/www.ordinaireextra.fr\/index.php\/formation-clown\/#breadcrumb"},"inLanguage":"fr-FR","potentialAction":[{"@type":"ReadAction","target":["https:\/\/www.ordinaireextra.fr\/index.php\/formation-clown\/"]}]},{"@type":"ImageObject","inLanguage":"fr-FR","@id":"https:\/\/www.ordinaireextra.fr\/index.php\/formation-clown\/#primaryimage","url":"https:\/\/www.ordinaireextra.fr\/wp-content\/uploads\/2026\/03\/header_formation_clown1.jpg","contentUrl":"https:\/\/www.ordinaireextra.fr\/wp-content\/uploads\/2026\/03\/header_formation_clown1.jpg","width":1184,"height":447},{"@type":"BreadcrumbList","@id":"https:\/\/www.ordinaireextra.fr\/index.php\/formation-clown\/#breadcrumb","itemListElement":[{"@type":"ListItem","position":1,"name":"Accueil","item":"https:\/\/www.ordinaireextra.fr\/"},{"@type":"ListItem","position":2,"name":"Stage de clown"}]},{"@type":"WebSite","@id":"https:\/\/www.ordinaireextra.fr\/#website","url":"https:\/\/www.ordinaireextra.fr\/","name":"Ordinaire extra","description":"Quand l&#039;ordinaire devient extra !","potentialAction":[{"@type":"SearchAction","target":{"@type":"EntryPoint","urlTemplate":"https:\/\/www.ordinaireextra.fr\/?s={search_term_string}"},"query-input":{"@type":"PropertyValueSpecification","valueRequired":true,"valueName":"search_term_string"}}],"inLanguage":"fr-FR"}]}},"_links":{"self":[{"href":"https:\/\/www.ordinaireextra.fr\/index.php\/wp-json\/wp\/v2\/pages\/843","targetHints":{"allow":["GET"]}}],"collection":[{"href":"https:\/\/www.ordinaireextra.fr\/index.php\/wp-json\/wp\/v2\/pages"}],"about":[{"href":"https:\/\/www.ordinaireextra.fr\/index.php\/wp-json\/wp\/v2\/types\/page"}],"author":[{"embeddable":true,"href":"https:\/\/www.ordinaireextra.fr\/index.php\/wp-json\/wp\/v2\/users\/1"}],"replies":[{"embeddable":true,"href":"https:\/\/www.ordinaireextra.fr\/index.php\/wp-json\/wp\/v2\/comments?post=843"}],"version-history":[{"count":23,"href":"https:\/\/www.ordinaireextra.fr\/index.php\/wp-json\/wp\/v2\/pages\/843\/revisions"}],"predecessor-version":[{"id":872,"href":"https:\/\/www.ordinaireextra.fr\/index.php\/wp-json\/wp\/v2\/pages\/843\/revisions\/872"}],"wp:featuredmedia":[{"embeddable":true,"href":"https:\/\/www.ordinaireextra.fr\/index.php\/wp-json\/wp\/v2\/media\/858"}],"wp:attachment":[{"href":"https:\/\/www.ordinaireextra.fr\/index.php\/wp-json\/wp\/v2\/media?parent=843"}],"curies":[{"name":"wp","href":"https:\/\/api.w.org\/{rel}","templated":true}]}}